 5*p + 19 = u, 7*p = -u + 2*p - 11. Let g(s) = u*s**2 - 1 + 4*s - 4*s**2 + s**2. Give g(f).
-1
Let w(b) be the second derivative of b**5/20 - 5*b**4/12 + 7*b**2/2 - b + 7. What is w(5)?
7
Suppose 2*y = -8 + 18. Let w(q) = q - y + 64*q**2 - 28*q**2 - 37*q**2. Let u be w(0). Let m(i) = -2*i - 7. What is m(u)?
3
Let a(g) = g**3 - 4*g**2 + 4*g - 3. Suppose 5*m + 2 = -2*n - 4, -4*n + 5*m + 18 = 0. Determine a(n).
-3
Let a = -10 - -14. Suppose 2*t = a*s, 4*t - 4*s = 3*t + 6. Let o(f) = -f**2 - 10 + 6 + 317*f + 7 - 322*f. Calculate o(t).
-3
Suppose 62*d - 39*d = -46. Let h(r) = -r**2 - 3*r - 6. Calculate h(d).
-4
Let q(r) = -13*r + 108. Let c be q(8). Let f(z) = -z**3 + 6*z**2 - 7*z + 5. What is f(c)?
9
Suppose -j = -0 + 3. Let h be (3/9)/(1/j). Let a(f) = -15*f + 4*f + 3*f. What is a(h)?
8
Let r(c) = -c + 4. Let z(b) = -4*b**3 - 4*b**2 + 4*b + 3. Let w(u) = 5*u**3 + 5*u**2 - 5*u - 3. Let t(o) = 3*w(o) + 4*z(o). Let h be t(-2). Calculate r(h).
-1
Let x(j) = 2*j**2. Let s(r) = -r**3 + 3*r**2 - 8*r + 3. Let b(z) = s(z) + 3*x(z). Calculate b(8).
3
Let m(p) = p**2 + p - 1. Let r(y) = -2*y**3 - 14*y**2 - 5*y - 3. Let o(w) = 4*m(w) + r(w). Give o(-5).
-2
Let c(u) be the third derivative of -u**8/20160 + 8*u**5/15 + 16*u**2. Let d(t) be the third derivative of c(t). Determine d(4).
-16
Let a = -209 + 220. Let w(k) = -k**2 + 13*k + 9. Determine w(a).
31
Suppose -5*z + 3*g = -24, 3*z - 4*g + 14 = 4*z. Let d(m) = -m**3 + 7*m**2 - m - 6. Determine d(z).
24
Let y(l) be the second derivative of 9/10*l**5 + 0 + 1/2*l**2 + 1/6*l**3 - 1/12*l**4 + 19*l. Suppose 0 = -4*p - 0 - 4. Calculate y(p).
-19
Let y = -22 + 15. Let x(p) be the second derivative of -p**5/20 - p**4/2 + 4*p**3/3 - 9*p**2/2 - 113*p. Calculate x(y).
-16
Suppose 0 = 2*o - 3*o + 8. Let p be (-1)/((-2)/(o/(-4))). Let v(j) = -11*j**3 + j**2. What is v(p)?
12
Let j(m) = 39*m + 2 - 78*m + 38*m. Let g be (-2)/(-1)*(-5)/(-2). What is j(g)?
-3
Let w = 81 - 38. Let m = w + -37. Let v(s) = -s - 3*s - 2 + s + 2*s. What is v(m)?
-8
Let k(j) = j**3 + 19*j**2 - 22*j - 34. Let l be k(-20). Let t(z) = -z**2 + 5*z - 6. Give t(l).
-12
Suppose -3*b = 4*p - 33, -3*b + 5*p + 18 = -15. Let o(v) = 6*v**2 - 25*v - 10. Let y(a) = -a**2 + 5*a + 2. Let w(t) = b*y(t) + 2*o(t). Calculate w(-5).
2
Let y(m) = 2*m**2 + 6*m - 7. Let p(x) = 12*x**2 + 2 + 13*x**2 + 17 + 14*x - 24*x**2. Let o be p(-12). Give y(o).
13
Suppose -3*g + r - 7 = 0, 5*g - 8*g - 5 = -2*r. Let s(y) be the third derivative of -y**4/12 + 2*y**2. Give s(g).
6
Let y(x) be the first derivative of x**4 - x**2 - 3*x - 32. Let h(w) = 3*w**3 - 2*w - 3. Let j(c) = 3*h(c) - 2*y(c). What is j(-2)?
-7
Let m(i) = i**3 - 3*i**2 - 4. Let b(t) = t**2 - 95*t + 3. Let n be b(0). Determine m(n).
-4
Suppose l = 2*d + 20 + 3, 48 = -3*d - 3*l. Let g = -10 - d. Suppose 5 = 4*t - g. Let p(f) = 4*f + 2. Determine p(t).
10
Let s(x) = 30 + 1765*x - 4 - 886*x - 885*x. Give s(4).
2
Let p(c) = -c**3 + c**2 - c - 5. Let n(w) = -4*w**3 + 3*w**2 - 3*w - 16. Let r be -10*((-28)/(-10) - 3). Let g(d) = r*n(d) - 7*p(d). What is g(0)?
3
Let g(j) = 5*j - 1. Let b be (-1754)/(-10) + (-8)/20. Suppose 3*o - k + b = 0, -o = -4*k + k + 45. Let u be o/(-24)*8/10. Calculate g(u).
9
Let a(o) = o**3. Let r(d) = 5*d**3 - 13*d**2 + 13*d + 3. Let n(h) = -6*a(h) + r(h). Give n(-14).
17
Let o(w) = w - 5. Let r be o(4). Let f(y) = 4*y + 1. Let d(g) = -g - 1. Let p(s) = r*d(s) - f(s). Let h = 1 - -1. Determine p(h).
-6
Let g(y) = -y - 3. Let r(d) be the third derivative of 5*d**2 + 4/3*d**3 + 0*d + 0 + 1/12*d**4. Let f(w) = 8*g(w) + 3*r(w). Determine f(-3).
6
Let d(x) = 3*x. Let v be 0/(-6) + 4/1. Let t = -3 + v. Give d(t).
3
Let a(m) be the second derivative of m**5/20 + m**4/3 + 2*m**2 + 2*m - 47. What is a(-4)?
4
Let m(p) = -p**2 - 7*p - 6. Suppose q + 15 = 5*a, -5*q + 21 = a - 8. Suppose -20 = q*t, 6*r - 3*r + 7 = 2*t. Give m(r).
4
Let g(c) = -3*c**3 + 8*c**2 - 3*c - 8. Let d(l) = -l**3 + l**2 - l - 1. Let n(a) = -4*d(a) + g(a). Suppose -9*h - 54 = -27. What is n(h)?
2
Suppose 15 = 5*w, 0 = 3*k - 12*w + 13*w - 9. Let f(z) = -z**3 + z**2 + 2*z - 2. Determine f(k).
-2
Let r(q) = -8*q + 20*q - 5*q**2 + 7 - 4*q. Let v(y) = 4*y**2 - 8*y - 7. Let x(b) = 5*r(b) + 6*v(b). Suppose -6 = 2*j + 4. Calculate x(j).
8
Suppose -3*i = 2*q - 1 + 17, 5*q = -i - 27. Let u(c) be the first derivative of 4*c**3 + c - 5*c**3 - 4 + 3. Determine u(i).
-11
Suppose 3*i = -33 + 6. Let m(n) = -n**3 - 10*n**2 - 9*n - 6. Give m(i).
-6
Let l(k) be the second derivative of -7/24*k**4 + 1/360*k**6 + 0*k**2 + 0 - k - 11/6*k**3 - 1/40*k**5. Let x(z) be the second derivative of l(z). Give x(5).
3
Let f(y) = -4*y**2 - 2*y + 1. Suppose 3*k = 4*u + 35, 5*u - 2*u - 46 = -2*k. Let h = k + -16. What is f(h)?
-5
Let h(y) = 7*y + 20. Let g(a) = -20*a - 59. Let m(u) = -6*g(u) - 17*h(u). Let p = -20 - -10. Give m(p).
4
Let g(y) be the third derivative of -17*y**4/24 - y**3/6 - 2*y**2 + 44. Give g(-1).
16
Let d(t) = -t**2 - 6*t - 3. Suppose h - 6*h = -15, h = -5*q - 7. Let k be 5/(3 + q - 2). Calculate d(k).
2
Let n(a) = -a**3 - 5*a**2 + 6*a - 1. Suppose -3*s + 3 = u + u, 0 = 3*u - 5*s + 43. What is n(u)?
-1
Let r = -5 - -7. Let m(d) = 5 + 8*d**2 + 5*d - 9*d**r - 5*d. Determine m(0).
5
Let a(u) be the second derivative of -u**7/2520 - u**6/720 + u**5/60 + u**4/12 + 5*u. Let t(o) be the third derivative of a(o). Let x = -9 + 7. What is t(x)?
0
Let z = 19 - 12. Let s(l) = 5*l**3 - 3*l**3 - 3*l**3 + 7 - z*l**2 - 1 - 5*l. Calculate s(-6).
0
Let i = -346 - -342. Let v(k) = 2*k**2 + 5*k - 3. What is v(i)?
9
Let q(n) be the first derivative of -2*n**2 - n + 5. Let v(i) = i + 23. Let c be v(-22). Give q(c).
-5
Let k = 12 - 11. Let z be 8*k + 2 + -5. Let h(m) = 3*m - 7. What is h(z)?
8
Let d = -965 - -965. Let o(v) = -2*v + 3. What is o(d)?
3
Let g be -65*(-1 + 6/10). Suppose 0 = 3*y + 9 + 3, 0 = t - 5*y - g. Let n(p) be the first derivative of -p**2 + 4*p - 22. Calculate n(t).
-8
Let w(p) = -55*p + 273. Let o be w(5). Let f(a) = 5*a**2 - a - 11. Let t(k) = 2*k**2 - k - 5. Let z(v) = -3*f(v) + 7*t(v). Give z(o).
2
Suppose 2*d - 17 = v, 3*d - 7 = -2*v + 8. Let q(n) be the second derivative of -1/6*n**3 + 5/2*n**2 + 12*n + 0. Determine q(d).
-2
Let p(h) = -10*h**2 + h**3 + 15 - h**2 - 1162*h + 1145*h - 2*h**2. Give p(14).
-27
Let u = -317 - -312. Let r(f) be the second derivative of f**3/6 + f**2 + f. Give r(u).
-3
Let l be (16/12 + 0)*42/(-28). Let o(t) = -2*t**3 + 2*t**2 + 3*t + 1. Determine o(l).
19
Suppose a - 3*t + 4 = 0, 2*t - 6 = -0. Let u(l) = -4*l + 67 + a*l - 75. Let g be (-16)/(-3) + 8/12. Calculate u(g).
-2
Let l(r) = r**3 + 2*r**2 + 3*r + 1. Let a be -2 + 7 - 16/2. Give l(a).
-17
Let s(k) = 3*k**2 - k - 5*k**2 + 0*k - 3*k. Let c(q) = q**3 + 2*q**2 - 7*q. Let a be c(-4). Determine s(a).
-16
Let f(z) = 6*z**2 + 53*z - 52. Let k be f(1). Let n(v) = 11*v - 78. Calculate n(k).
-1
Let l(g) = -g**3 + 12*g**2. Let c be l(12). Suppose -5*t - 24 + 10 = 4*z, c = t + z + 2. Let n(d) = -2*d + 3. Give n(t).
15
Suppose -4*w = -5*c - 72, 4*c = -2*w + 7 + 3. Suppose -3*o + 1 - w = -z, -3*z + 24 = -3*o. Let l(b) = -6*b + b**2 - 4 + 6*b**2 - z*b**2. Give l(5).
-9
Let o(c) = -c**2 - 11*c - 5. Let q = 9 + -19. Determine o(q).
5
Let j(y) = -y**2 + 7*y - 4. Let k(i) = i**3 + 8*i**2 - 3*i - 16. Let u be k(-8). Suppose 0 = -u*s + 15 + 25. Give j(s).
6
Let f(u) = u**2 + 3*u - 3. Let a(d) = -d**3 + 13*d**2 + 2. Let n be a(13). Suppose 5*q = n - 22. Determine f(q).
1
Let q(x) be the third derivative of x**5/60 + x**4/8 + x**3/3 - 2*x**2. Let g(d) = d**2 - 29*d + 97. Let u be g(4). Determine q(u).
2
Suppose 0 = 5*c + 3*j + 30, 2*j + 49 = 5*c + 54. Let s(z) be the third derivative of -z**6/120 - z**5/20 - z**4/12 - z**3/6 - z**2. Give s(c).
5
Let h(d) be the first derivative of -d**2 - 27*d + 121. Determine h(-6).
-15
Let l(n) = -38*n**2 - 7*n - 8. Let h(m) = -36*m**2 - 6*m - 7. Let v(u) = 7*h(u) - 6*l(u). What is v(1)?
-25
Let h(s) be the third derivative of -s**5/15 + s**4/24 + 2397*s**2. Suppose 3*w = 2*z + 13, -2*z + 9 = 4*w - 13. Give h(z).
-3
Let m(d) = -6*d + 139. Let k be m(22). Let a(l) = l + 3. Calculate a(k).
10
Suppose -17*v - 48 = -150. Let b(g) = -4*g + 20. Calculate b(v).
-4
Suppose 5*f + 2*y = 0, 3*y + 23 = 5*f - f. Let j(l) = -2*l**3. Calculate j(f).
-16
Let o(t) be 